n divisor of 2860 and 529568.
52
Calculate the greatest common divisor of 135 and 28851165.
45
What is the highest common factor of 9723 and 6457461?
1389
What is the greatest common divisor of 1291478 and 22?
2
What is the highest common divisor of 47786634 and 1596?
798
What is the highest common divisor of 1774 and 8095649?
887
What is the greatest common divisor of 92 and 19102604?
92
Calculate the greatest common divisor of 269643969 and 511.
511
What is the greatest common divisor of 16755 and 76215?
15
What is the greatest common factor of 4086 and 8671554?
18
What is the highest common divisor of 257548 and 266414?
62
Calculate the highest common divisor of 2176 and 3138816.
128
Calculate the greatest common divisor of 120 and 1746440.
40
Calculate the highest common factor of 27832 and 1913947.
497
What is the greatest common factor of 642 and 3737510?
214
What is the highest common divisor of 9727076 and 70100?
2804
Calculate the highest common divisor of 187 and 177662325.
17
What is the greatest common factor of 8 and 77709224?
8
Calculate the highest common divisor of 6 and 18921099.
3
What is the highest common factor of 31640 and 63481705?
3955
What is the highest common factor of 95490213 and 455?
91
What is the greatest common divisor of 4403262 and 42252?
3018
What is the highest common factor of 94749829 and 104540?
5227
Calculate the greatest common divisor of 18 and 524616.
6
What is the greatest common factor of 54 and 56332071?
27
Calculate the greatest common factor of 82493860 and 17.
17
Calculate the highest common divisor of 1420 and 131260.
20
Calculate the greatest common factor of 119487356 and 5032.
2516
Calculate the greatest common factor of 27077785 and 2990.
115
What is the highest common factor of 31478489 and 994?
497
What is the greatest common divisor of 233247 and 652848?
609
What is the highest common divisor of 410137 and 8645?
91
Calculate the greatest common divisor of 36232364 and 124.
4
What is the highest common divisor of 4607 and 152708229?
4607
What is the greatest common factor of 9779 and 15400?
77
What is the highest common factor of 36364038 and 1362?
1362
Calculate the highest common factor of 1600 and 35558080.
320
Calculate the highest common factor of 7 and 17850581.
7
What is the highest common divisor of 10136992 and 15688?
424
What is the highest common divisor of 352937 and 83419?
17
Calculate the highest common factor of 115993188 and 216.
108
Calculate the highest common factor of 110336 and 4096.
256
What is the greatest common divisor of 12520 and 2395?
5
Calculate the greatest common factor of 6795543 and 523023.
939
What is the highest common divisor of 4016008 and 8?
8
Calculate the highest common divisor of 198752196 and 5276.
5276
Calculate the highest common factor of 35012034 and 216.
54
What is the greatest common divisor of 3374 and 32264116?
482
What is the greatest common divisor of 55 and 626944505?
55
What is the highest common factor of 90 and 1848251070?
90
What is the greatest common factor of 272259 and 10134?
9
What is the highest common factor of 9150431 and 4537?
349
Calculate the greatest common factor of 19850559 and 1608.
201
Calculate the highest common divisor of 862416 and 47.
1
What is the greatest common factor of 2784 and 191092368?
1392
Calculate the greatest common divisor of 19092648 and 21.
3
Calculate the highest common factor of 230646 and 6708.
78
Calculate the greatest common divisor of 192140451 and 4716.
1179
Calculate the highest common divisor of 15842904 and 29568.
1848
Calculate the highest common divisor of 3833244 and 1440.
36
What is the greatest common divisor of 7632 and 180315063?
477
Calculate the highest common divisor of 19072606 and 127.
127
Calculate the greatest common factor of 3514 and 57482012.
3514
Calculate the highest common divisor of 1729695 and 4840.
605
What is the highest common factor of 1064199 and 7626?
93
What is the highest common factor of 13889 and 13057853?
731
Calculate the greatest common divisor of 655006 and 1121.
19
What is the highest common factor of 359141 and 29?
1
Calculate the highest common divisor of 13867 and 1887327.
283
Calculate the highest common factor of 198 and 19125810.
198
What is the greatest common divisor of 7978 and 107180441?
3989
Calculate the greatest common factor of 164322584 and 232.
232
Calculate the highest common factor of 495236 and 2093.
161
Calculate the highest common factor of 3584 and 671272.
56
Calculate the greatest common divisor of 12000 and 27219000.
3000
Calculate the greatest common factor of 92421 and 1446136.
163
What is the greatest common divisor of 71192132 and 264?
44
Calculate the highest common factor of 4265286 and 3108.
222
Calculate the highest common factor of 592 and 42890474.
74
Calculate the greatest common factor of 1056 and 6112480.
352
Calculate the highest common divisor of 146 and 271313771.
73
Calculate the highest common divisor of 20434070 and 25.
5
What is the highest common divisor of 1 and 8625807?
1
What is the highest common factor of 7663 and 40?
1
Calculate the greatest common factor of 7360660 and 20740.
340
What is the highest common factor of 135521932 and 91?
91
Calculate the highest common factor of 100491 and 18081.
123
Calculate the highest common divisor of 427 and 29610.
7
Calculate the greatest common factor of 161 and 339319.
23
What is the highest common factor of 152125 and 39175?
25
Calculate the highest common factor of 11368 and 6818.
14
Calculate the highest common factor of 416413750 and 2500.
1250
What is the highest common factor of 10 and 175589410?
10
What is the highest common divisor of 510 and 695810?
170
Calculate the greatest common divisor of 1351594960 and 6096.
2032
Calculate the greatest common factor of 451197 and 1917.
27
Calculate the greatest common divisor of 68673 and 236147718.
6243
Calculate the highest common divisor of 58 and 190938842.
58
What is the highest common factor of 2828 and 6381887?
101
Calculate the greatest common divisor of 194 and 1369265774.
194
What is the highest common factor of 5627 and 2093006?
17
Calculate the highest common divisor of 7340 and 3156260.
20
Calculate the greatest common divisor of 3898 and 4450.
2
Calculate the highest common divisor of 178 and 143145998.
178
Calculate the greatest common factor of 34450 and 923260.
6890
Calculate the greatest common divisor of 203992 and 33024.
344
What is the highest common divisor of 290 and 285210?
10
Calculate the greatest common divisor of 898120 and 1480.
40
What is the greatest common divisor of 36889 and 3284118?
997
Calculate the highest common divisor of 9585621 and 974.
487
Calculate the greatest common factor of 19293085 and 70.
35
Calculate the greatest common factor of 29245520 and 1360.
80
Calculate the highest common factor of 629 and 3248119.
37
Calculate the highest common factor of 5248 and 82980.
4
What is the highest common factor of 109450 and 12830?
10
Calculate the highest common divisor of 60301504 and 9344.
4672
What is the greatest common factor of 260 and 231452?
52
What is the highest common divisor of 7142879 and 38?
19
Calculate the highest common divisor of 335911 and 6887.
97
Calculate the highest common divisor of 5646526 and 2806.
122
What is the highest common divisor of 2816 and 933944?
88
What is the highest common factor of 7133732 and 599552?
4684
Calculate the highest common divisor of 137636707 and 13.
13
What is the highest common factor of 31770 and 79860?
30
What is the greatest common divisor of 8752 and 1206682?
1094
What is the highest common factor of 45 and 23936295?
15
Calculate the greatest common factor of 520700947 and 3914.
1957
Calculate the highest common factor of 359069233 and 3508.
877
Calculate the highest common divisor of 12063337 and 379093.
1573
What is the highest common factor of 234 and 34446906?
234
What is the greatest common factor of 25380 and 82170?
90
Calculate the highest common factor of 17356458 and 714.
42
Calculate the greatest common factor of 1312531 and 121.
11
Calculate the highest common divisor of 219500 and 189209.
439
Calculate the highest common factor of 76 and 507255388.
76
What is the greatest common factor of 45 and 27165